{"id":398,"date":"2022-10-25T19:10:44","date_gmt":"2022-10-25T17:10:44","guid":{"rendered":"http:\/\/www.eqoot.com\/?page_id=398"},"modified":"2022-12-19T16:23:57","modified_gmt":"2022-12-19T15:23:57","slug":"realiser-preuve-de-concept-poc","status":"publish","type":"page","link":"https:\/\/www.eqoot.com\/index.php\/realiser-preuve-de-concept-poc\/","title":{"rendered":"R\u00e9aliser des Preuves de Concept POC"},"content":{"rendered":"\t\t<div data-elementor-type=\"wp-page\" data-elementor-id=\"398\" class=\"elementor elementor-398\">\n\t\t\t\t\t\t\t\t\t<section class=\"elementor-section elementor-top-section elementor-element elementor-element-d9f5fa1 elementor-section-boxed elementor-section-height-default elementor-section-height-default\" data-id=\"d9f5fa1\" data-element_type=\"section\">\n\t\t\t\t\t\t<div class=\"elementor-container elementor-column-gap-default\">\n\t\t\t\t\t<div class=\"elementor-column elementor-col-100 elementor-top-column elementor-element elementor-element-238878b\" data-id=\"238878b\" data-element_type=\"column\">\n\t\t\t<div class=\"elementor-widget-wrap elementor-element-populated\">\n\t\t\t\t\t\t\t\t<div class=\"elementor-element elementor-element-e2fbfd6 elementor-widget elementor-widget-image\" data-id=\"e2fbfd6\" data-element_type=\"widget\" data-widget_type=\"image.default\">\n\t\t\t\t<div class=\"elementor-widget-container\">\n\t\t\t<style>\/*! elementor - v3.6.1 - 23-03-2022 *\/\n.elementor-widget-image{text-align:center}.elementor-widget-image a{display:inline-block}.elementor-widget-image a img[src$=\".svg\"]{width:48px}.elementor-widget-image img{vertical-align:middle;display:inline-block}<\/style>\t\t\t\t\t\t\t\t\t\t\t\t<img src=\"https:\/\/www.eqoot.com\/wp-content\/uploads\/2022\/12\/brique01.png\" title=\"brique01\" alt=\"brique01\" \/>\t\t\t\t\t\t\t\t\t\t\t\t\t\t\t<\/div>\n\t\t\t\t<\/div>\n\t\t\t\t\t<\/div>\n\t\t<\/div>\n\t\t\t\t\t\t\t<\/div>\n\t\t<\/section>\n\t\t\t\t<section class=\"elementor-section elementor-top-section elementor-element elementor-element-8672fc7 elementor-section-boxed elementor-section-height-default elementor-section-height-default\" data-id=\"8672fc7\" data-element_type=\"section\">\n\t\t\t\t\t\t<div class=\"elementor-container elementor-column-gap-default\">\n\t\t\t\t\t<div class=\"elementor-column elementor-col-100 elementor-top-column elementor-element elementor-element-4809af1\" data-id=\"4809af1\" data-element_type=\"column\">\n\t\t\t<div class=\"elementor-widget-wrap elementor-element-populated\">\n\t\t\t\t\t\t\t\t<div class=\"elementor-element elementor-element-bff56ed elementor-widget elementor-widget-text-editor\" data-id=\"bff56ed\" data-element_type=\"widget\" data-widget_type=\"text-editor.default\">\n\t\t\t\t<div class=\"elementor-widget-container\">\n\t\t\t<style>\/*! elementor - v3.6.1 - 23-03-2022 *\/\n.elementor-widget-text-editor.elementor-drop-cap-view-stacked .elementor-drop-cap{background-color:#818a91;color:#fff}.elementor-widget-text-editor.elementor-drop-cap-view-framed .elementor-drop-cap{color:#818a91;border:3px solid;background-color:transparent}.elementor-widget-text-editor:not(.elementor-drop-cap-view-default) .elementor-drop-cap{margin-top:8px}.elementor-widget-text-editor:not(.elementor-drop-cap-view-default) .elementor-drop-cap-letter{width:1em;height:1em}.elementor-widget-text-editor .elementor-drop-cap{float:left;text-align:center;line-height:1;font-size:50px}.elementor-widget-text-editor .elementor-drop-cap-letter{display:inline-block}<\/style>\t\t\t\t<p><em>Une fois l&#8217;analyse et l&#8217;etude de faisabilit\u00e9 r\u00e9alis\u00e9, nous proposons de r\u00e9aliser avec les contraintes identifi\u00e9es, une ou plusisieurs preuves de concept bas\u00e9es sur l&#8217;analyse.<\/em><\/p><p><em><span style=\"font-size: 14px; color: var( --e-global-color-text );\">Les preuves de concept (POC) sont une \u00e9tape necessaire pour valider la viabilit\u00e9 d&#8217;un projet, elles apportent une credibilit\u00e9 tangible au concept.<\/span><\/em><\/p><p><em>Cette <strong>brique<\/strong> est le premier socle du projet<\/em><\/p>\t\t\t\t\t\t<\/div>\n\t\t\t\t<\/div>\n\t\t\t\t\t<\/div>\n\t\t<\/div>\n\t\t\t\t\t\t\t<\/div>\n\t\t<\/section>\n\t\t\t\t\t\t\t<\/div>\n\t\t","protected":false},"excerpt":{"rendered":"<p>Une fois l&#8217;analyse et l&#8217;etude de faisabilit\u00e9 r\u00e9alis\u00e9, nous proposons de r\u00e9aliser avec les contraintes identifi\u00e9es, une ou plusisieurs preuves de concept bas\u00e9es sur l&#8217;analyse. Les preuves de concept (POC) sont une \u00e9tape necessaire pour valider la viabilit\u00e9 d&#8217;un projet, elles apportent une credibilit\u00e9 tangible au concept. Cette brique est le premier socle du projet<\/p>\n","protected":false},"author":1,"featured_media":0,"parent":0,"menu_order":0,"comment_status":"closed","ping_status":"closed","template":"","meta":[],"yoast_head":"<!-- This site is optimized with the Yoast SEO plugin v18.4.1 - https:\/\/yoast.com\/wordpress\/plugins\/seo\/ -->\n<title>R\u00e9aliser des Preuves de Concept POC - Eqoot<\/title>\n<meta name=\"robots\" content=\"index, follow, max-snippet:-1, max-image-preview:large, max-video-preview:-1\" \/>\n<link rel=\"canonical\" href=\"https:\/\/www.eqoot.com\/index.php\/realiser-preuve-de-concept-poc\/\" \/>\n<meta property=\"og:locale\" content=\"fr_FR\" \/>\n<meta property=\"og:type\" content=\"article\" \/>\n<meta property=\"og:title\" content=\"R\u00e9aliser des Preuves de Concept POC - Eqoot\" \/>\n<meta property=\"og:description\" content=\"Une fois l&#8217;analyse et l&#8217;etude de faisabilit\u00e9 r\u00e9alis\u00e9, nous proposons de r\u00e9aliser avec les contraintes identifi\u00e9es, une ou plusisieurs preuves de concept bas\u00e9es sur l&#8217;analyse. Les preuves de concept (POC) sont une \u00e9tape necessaire pour valider la viabilit\u00e9 d&#8217;un projet, elles apportent une credibilit\u00e9 tangible au concept. Cette brique est le premier socle du projet\" \/>\n<meta property=\"og:url\" content=\"https:\/\/www.eqoot.com\/index.php\/realiser-preuve-de-concept-poc\/\" \/>\n<meta property=\"og:site_name\" content=\"Eqoot\" \/>\n<meta property=\"article:modified_time\" content=\"2022-12-19T15:23:57+00:00\" \/>\n<meta property=\"og:image\" content=\"http:\/\/www.eqoot.com\/wp-content\/uploads\/elementor\/thumbs\/brique01-pzectmielmf1na4dlhwe8u7uqboopx79n0bhmsftd6.png\" \/>\n<meta name=\"twitter:card\" content=\"summary_large_image\" \/>\n<meta name=\"twitter:label1\" content=\"Dur\u00e9e de lecture estim\u00e9e\" \/>\n\t<meta name=\"twitter:data1\" content=\"1 minute\" \/>\n<script type=\"application\/ld+json\" class=\"yoast-schema-graph\">{\"@context\":\"https:\/\/schema.org\",\"@graph\":[{\"@type\":\"WebSite\",\"@id\":\"https:\/\/www.eqoot.com\/#website\",\"url\":\"https:\/\/www.eqoot.com\/\",\"name\":\"Eqoot\",\"description\":\"\",\"potentialAction\":[{\"@type\":\"SearchAction\",\"target\":{\"@type\":\"EntryPoint\",\"urlTemplate\":\"https:\/\/www.eqoot.com\/?s={search_term_string}\"},\"query-input\":\"required name=search_term_string\"}],\"inLanguage\":\"fr-FR\"},{\"@type\":\"ImageObject\",\"@id\":\"https:\/\/www.eqoot.com\/index.php\/realiser-preuve-de-concept-poc\/#primaryimage\",\"inLanguage\":\"fr-FR\",\"url\":\"http:\/\/www.eqoot.com\/wp-content\/uploads\/elementor\/thumbs\/brique01-pzectmielmf1na4dlhwe8u7uqboopx79n0bhmsftd6.png\",\"contentUrl\":\"http:\/\/www.eqoot.com\/wp-content\/uploads\/elementor\/thumbs\/brique01-pzectmielmf1na4dlhwe8u7uqboopx79n0bhmsftd6.png\"},{\"@type\":\"WebPage\",\"@id\":\"https:\/\/www.eqoot.com\/index.php\/realiser-preuve-de-concept-poc\/#webpage\",\"url\":\"https:\/\/www.eqoot.com\/index.php\/realiser-preuve-de-concept-poc\/\",\"name\":\"R\u00e9aliser des Preuves de Concept POC - Eqoot\",\"isPartOf\":{\"@id\":\"https:\/\/www.eqoot.com\/#website\"},\"primaryImageOfPage\":{\"@id\":\"https:\/\/www.eqoot.com\/index.php\/realiser-preuve-de-concept-poc\/#primaryimage\"},\"datePublished\":\"2022-10-25T17:10:44+00:00\",\"dateModified\":\"2022-12-19T15:23:57+00:00\",\"breadcrumb\":{\"@id\":\"https:\/\/www.eqoot.com\/index.php\/realiser-preuve-de-concept-poc\/#breadcrumb\"},\"inLanguage\":\"fr-FR\",\"potentialAction\":[{\"@type\":\"ReadAction\",\"target\":[\"https:\/\/www.eqoot.com\/index.php\/realiser-preuve-de-concept-poc\/\"]}]},{\"@type\":\"BreadcrumbList\",\"@id\":\"https:\/\/www.eqoot.com\/index.php\/realiser-preuve-de-concept-poc\/#breadcrumb\",\"itemListElement\":[{\"@type\":\"ListItem\",\"position\":1,\"name\":\"Accueil\",\"item\":\"https:\/\/www.eqoot.com\/\"},{\"@type\":\"ListItem\",\"position\":2,\"name\":\"R\u00e9aliser des Preuves de Concept POC\"}]}]}<\/script>\n<!-- \/ Yoast SEO plugin. -->","yoast_head_json":{"title":"R\u00e9aliser des Preuves de Concept POC - Eqoot","robots":{"index":"index","follow":"follow","max-snippet":"max-snippet:-1","max-image-preview":"max-image-preview:large","max-video-preview":"max-video-preview:-1"},"canonical":"https:\/\/www.eqoot.com\/index.php\/realiser-preuve-de-concept-poc\/","og_locale":"fr_FR","og_type":"article","og_title":"R\u00e9aliser des Preuves de Concept POC - Eqoot","og_description":"Une fois l&#8217;analyse et l&#8217;etude de faisabilit\u00e9 r\u00e9alis\u00e9, nous proposons de r\u00e9aliser avec les contraintes identifi\u00e9es, une ou plusisieurs preuves de concept bas\u00e9es sur l&#8217;analyse. Les preuves de concept (POC) sont une \u00e9tape necessaire pour valider la viabilit\u00e9 d&#8217;un projet, elles apportent une credibilit\u00e9 tangible au concept. Cette brique est le premier socle du projet","og_url":"https:\/\/www.eqoot.com\/index.php\/realiser-preuve-de-concept-poc\/","og_site_name":"Eqoot","article_modified_time":"2022-12-19T15:23:57+00:00","og_image":[{"url":"http:\/\/www.eqoot.com\/wp-content\/uploads\/elementor\/thumbs\/brique01-pzectmielmf1na4dlhwe8u7uqboopx79n0bhmsftd6.png"}],"twitter_card":"summary_large_image","twitter_misc":{"Dur\u00e9e de lecture estim\u00e9e":"1 minute"},"schema":{"@context":"https:\/\/schema.org","@graph":[{"@type":"WebSite","@id":"https:\/\/www.eqoot.com\/#website","url":"https:\/\/www.eqoot.com\/","name":"Eqoot","description":"","potentialAction":[{"@type":"SearchAction","target":{"@type":"EntryPoint","urlTemplate":"https:\/\/www.eqoot.com\/?s={search_term_string}"},"query-input":"required name=search_term_string"}],"inLanguage":"fr-FR"},{"@type":"ImageObject","@id":"https:\/\/www.eqoot.com\/index.php\/realiser-preuve-de-concept-poc\/#primaryimage","inLanguage":"fr-FR","url":"http:\/\/www.eqoot.com\/wp-content\/uploads\/elementor\/thumbs\/brique01-pzectmielmf1na4dlhwe8u7uqboopx79n0bhmsftd6.png","contentUrl":"http:\/\/www.eqoot.com\/wp-content\/uploads\/elementor\/thumbs\/brique01-pzectmielmf1na4dlhwe8u7uqboopx79n0bhmsftd6.png"},{"@type":"WebPage","@id":"https:\/\/www.eqoot.com\/index.php\/realiser-preuve-de-concept-poc\/#webpage","url":"https:\/\/www.eqoot.com\/index.php\/realiser-preuve-de-concept-poc\/","name":"R\u00e9aliser des Preuves de Concept POC - Eqoot","isPartOf":{"@id":"https:\/\/www.eqoot.com\/#website"},"primaryImageOfPage":{"@id":"https:\/\/www.eqoot.com\/index.php\/realiser-preuve-de-concept-poc\/#primaryimage"},"datePublished":"2022-10-25T17:10:44+00:00","dateModified":"2022-12-19T15:23:57+00:00","breadcrumb":{"@id":"https:\/\/www.eqoot.com\/index.php\/realiser-preuve-de-concept-poc\/#breadcrumb"},"inLanguage":"fr-FR","potentialAction":[{"@type":"ReadAction","target":["https:\/\/www.eqoot.com\/index.php\/realiser-preuve-de-concept-poc\/"]}]},{"@type":"BreadcrumbList","@id":"https:\/\/www.eqoot.com\/index.php\/realiser-preuve-de-concept-poc\/#breadcrumb","itemListElement":[{"@type":"ListItem","position":1,"name":"Accueil","item":"https:\/\/www.eqoot.com\/"},{"@type":"ListItem","position":2,"name":"R\u00e9aliser des Preuves de Concept POC"}]}]}},"_links":{"self":[{"href":"https:\/\/www.eqoot.com\/index.php\/wp-json\/wp\/v2\/pages\/398"}],"collection":[{"href":"https:\/\/www.eqoot.com\/index.php\/wp-json\/wp\/v2\/pages"}],"about":[{"href":"https:\/\/www.eqoot.com\/index.php\/wp-json\/wp\/v2\/types\/page"}],"author":[{"embeddable":true,"href":"https:\/\/www.eqoot.com\/index.php\/wp-json\/wp\/v2\/users\/1"}],"replies":[{"embeddable":true,"href":"https:\/\/www.eqoot.com\/index.php\/wp-json\/wp\/v2\/comments?post=398"}],"version-history":[{"count":54,"href":"https:\/\/www.eqoot.com\/index.php\/wp-json\/wp\/v2\/pages\/398\/revisions"}],"predecessor-version":[{"id":560,"href":"https:\/\/www.eqoot.com\/index.php\/wp-json\/wp\/v2\/pages\/398\/revisions\/560"}],"wp:attachment":[{"href":"https:\/\/www.eqoot.com\/index.php\/wp-json\/wp\/v2\/media?parent=398"}],"curies":[{"name":"wp","href":"https:\/\/api.w.org\/{rel}","templated":true}]}}